*u(o). Let i be g(7). Suppose i*w = -0*w + 16. What is the units digit of w?
8
Let f = 98 + -45. What is the units digit of f?
3
Let o = 229 + -163. What is the units digit of o?
6
Let f(m) = m**3 - 4*m**2 - 5*m - 2. Suppose -5 = -2*g + 5. Let j be f(g). What is the units digit of 0 - ((-8)/(-1))/j?
4
Let q(t) = -t**3 + 7*t**2 + 8*t - 8. Let m = 21 - 13. Let i be q(m). Let g = i + 14. What is the units digit of g?
6
Let x(s) be the second derivative of -s**5/20 + 4*s**4/3 + 19*s**3/6 - 3*s**2 - 4*s. What is the units digit of x(17)?
8
Let l be 22/(-6) + 5/(-15). What is the units digit of (l - -4 - 2) + 4?
2
Suppose 5*l - 3 - 7 = 0. What is the units digit of 582/18 - l/(-3)?
3
Let k(b) = -3*b - 4. Let o be k(-6). Suppose -3*g = -4*g + o. What is the tens digit of g?
1
Suppose 0 = 4*h - 9*h + 5. What is the units digit of h?
1
Let g(y) = -y + 4. Let u(s) = s - 2. Suppose 2*l + 5 = 3*l. Let z be u(l). What is the units digit of g(z)?
1
Suppose 5*l - 145 = -0*l. What is the units digit of l?
9
Let c be 1 + -2 - (-3 - 0). Suppose g = c*g - 5. Suppose g*s - j = 18, -2*s = -6*s + 2*j + 18. What is the units digit of s?
3
Let n(v) = 23*v + 14. What is the units digit of n(4)?
6
Let z = 9 - 15. Let c be (10/6)/((-1)/z). What is the units digit of 34/c + (-6)/15?
3
Suppose 3*x - 5*j = 4*x - 18, 3*j = 2*x + 3. Let k(m) = -x*m - 3*m**2 - 2*m**2 - 4 + 2*m**2 + m**3 + m**2. What is the units digit of k(4)?
6
What is the units digit of 7*((-5)/(-3))/(-5)*-24?
6
Let y(g) = 7*g - 3. What is the units digit of y(5)?
2
Let u be -1 + ((-15)/1)/(-1). What is the tens digit of (-4)/u - (-170)/7?
2
Let f = -9 + 18. Let c be -1*3/f*-6. Suppose 0 = -2*n - c*n - 4*q + 4, -7 = -n + 2*q. What is the units digit of n?
3
What is the tens digit of 8/((28/(-38))/(-7))?
7
Let t(i) = i**2 - 8*i + 7. Let y be t(6). What is the tens digit of ((-20)/14)/(y/35)?
1
Suppose 2*x = 3*x - 1. What is the units digit of (25/4)/(x/4)?
5
Suppose -2*p = 6, 2*a - 2*p - 3*p - 17 = 0. Let f(j) = 9*j - a - 2 - 11*j. What is the units digit of f(-4)?
5
Let r(u) = u**2 - 2*u. Suppose 2*y - 3*y - 6 = 0. What is the units digit of r(y)?
8
Suppose 3*l = -400 + 1066. What is the tens digit of l?
2
Let y be 3/(-5) - 24/10. Let m be (5 + y - 3)*3. What is the units digit of -2 - (6 + m + -20)?
5
Let n be (-3)/(3 - 1 - 5). Suppose k - 26 - n = 0. What is the units digit of k?
7
Suppose -2*w + 24 = -10. Suppose m = -0*m + w. Let j = -6 + m. What is the units digit of j?
1
Let u(w) = w**3 + 9*w**2 - w + 3. Let k be u(-9). Suppose -v - k = -5*v. What is the units digit of v?
3
Let g be (-2 - -1) + 32/(-2). Let z = g - -71. Suppose -4*c - 3*p = -29, c + 3*c = 2*p + z. What is the tens digit of c?
1
What is the tens digit of 179/7 + (5 - (-117)/(-21))?
2
Let w = -62 + 153. What is the tens digit of w?
9
Let s(y) be the second derivative of y**4/12 - y**3 + 4*y**2 + y. What is the tens digit of s(7)?
1
Let p(d) = d + 40. Let k be p(0). Let c be k + 1*(-1 - -1). Suppose -c = -4*y - y. What is the units digit of y?
8
What is the tens digit of (2/6)/(-1*(-6)/1206)?
6
What is the units digit of 114*(-4)/(-8) - -4?
1
Let y(r) = -6 - 9 + 15 + 4*r. What is the tens digit of y(4)?
1
Suppose 4*m + 3 - 39 = 0. Suppose 0*u + u - m = 0. What is the units digit of u?
9
Let l(i) = -i**2 + 6*i + 10. Let u be l(7). Suppose 0*y = 5*y + 5, -g + u*y = 2. Let o = g + 20. What is the tens digit of o?
1
Let d(t) = t**2 + 11*t - 8. Let q be d(-12). Let m = 1 + 6. Suppose 3*a - 32 = -2*h + m*h, 0 = q*a + 4*h. What is the units digit of a?
4
Let m(u) = -u**3 - 11*u**2 - 7. Let y = 29 + -40. Let f be m(y). Let j = f - -15. What is the units digit of j?
8
Let c(g) be the second derivative of g**3/3 + g**2/2 + 9*g. What is the tens digit of c(16)?
3
Let h be 505/(-20) - (-1)/4. Let f = h - -36. What is the units digit of f?
1
Let u(f) = -f**2 + 11*f - 10. Suppose 0 = 3*k + 6 + 12. Let a(q) = -q**2 - 8*q - 5. Let g be a(k). What is the units digit of u(g)?
8
Suppose 5*x - 8 = 7. Suppose 2*t + 3*t = x*r - 31, -r - 4*t = 18. What is the units digit of r?
2
Suppose 0 = -0*i - 4*i - 116. Let v = 8 - i. What is the tens digit of v?
3
Let b = -2 + -2. Let x(r) be the second derivative of r**5/20 + r**4/3 + 2*r**2 - r. What is the units digit of x(b)?
4
Suppose -16*d + 1856 - 144 = 0. What is the hundreds digit of d?
1
Let w(p) = -p**3 - 6*p**2 - 3*p - 1. Let n be w(-6). Suppose 59 = 5*t + u, 2*t + n = 3*t - 5*u. What is the units digit of t?
2
What is the tens digit of -5 + 1 + (39 - -4)?
3
Let d be -3 + (-1 + 2)*138. What is the tens digit of ((-8)/10)/((-6)/d)?
1
Let g(f) = -25*f - 48. What is the hundreds digit of g(-9)?
1
Let i be -1 - 2 - 3*-53. Suppose 4*o = -i + 460. Suppose 11 - o = -5*h. What is the tens digit of h?
1
Let d(x) = 8*x + 2. Let b be d(-8). Let k = b + 92. What is the units digit of k?
0
Suppose 0 = -2*y + 3 + 25. What is the tens digit of y?
1
Let j(q) = 5*q - 8. Let i(n) = -11*n + 17. Let b(p) = -3*i(p) - 7*j(p). What is the units digit of b(-6)?
7
What is the tens digit of (-5 + 8)*(35 + -1)?
0
Let d(a) be the third derivative of a**5/60 + 5*a**4/12 + 2*a**3 - 2*a**2. What is the units digit of d(-9)?
3
Suppose -801 = -17*s + 2055. What is the hundreds digit of s?
1
Let t be ((-186)/18)/(1/3). Let i = -21 - t. Suppose j + 2 = i. What is the units digit of j?
8
Let m = 137 - 40. What is the tens digit of m?
9
Let l(f) = 2*f**2 - 6 - 4*f + 11*f + f. What is the units digit of l(-6)?
8
Suppose 0*b + 5*x = -2*b - 30, -3*x - 6 = 0. Let z = b - 14. What is the units digit of (16/6)/((-16)/z)?
4
What is the units digit of (1/(-3))/((-8)/5856)?
4
Suppose 7 - 1 = 2*s. Suppose s*f = f. What is the units digit of 5/10*(6 - f)?
3
Let j be (-29)/(0/1 + 1). Let z = 49 + j. Let y = 30 - z. What is the tens digit of y?
1
Let x(y) = y**3 - 10*y**2 - 16*y - 11. What is the units digit of x(12)?
5
Let c(f) be the third derivative of -f**5/60 + 7*f**4/24 + f**3 + f**2. Let d(w) = w**3 - 2*w**2 + 4*w - 2. Let r be d(2). What is the units digit of c(r)?
2
Let k = -308 - -539. What is the units digit of k?
1
Let a be 1/3 - (-1)/(-3). Suppose a = -5*y + 5 + 15. What is the units digit of (45/10)/(2/y)?
9
Let z(m) = -47*m - 6. What is the tens digit of z(-2)?
8
Let x(l) = -l**3 - 4*l**2 - 3*l - 2. What is the tens digit of x(-4)?
1
Suppose -3*l - 4*n + 22 = -6, 0 = 3*n + 6. Suppose 0 = i - r - 6 - 11, 0 = 4*r + l. What is the tens digit of i?
1
Suppose 12 = -3*r, -r - 386 = -5*y + 3*r. What is the units digit of y?
4
Let z(w) = -w**3 + 18*w**2 - 17*w + 37. What is the units digit of z(17)?
7
Let f = -77 + 84. What is the units digit of f?
7
Let x = -121 + 216. What is the units digit of x?
5
Let j(n) = 2*n**3 + 10*n**2 - n + 14. Let d(z) = z**3 + 5*z**2 + 7. Suppose -q + 2 = -0*q. Let l(y) = q*j(y) - 5*d(y). What is the units digit of l(-5)?
3
Suppose -30 = -2*n - 0*n. Suppose 0 = -o + 9 + n. What is the tens digit of o?
2
Suppose 0 = -4*z + 9 + 251. What is the units digit of z?
5
Let x be 38/8 + (-9)/12. Let a be (x/4)/((-2)/6). What is the units digit of (a + 1)/(-1 + 0)?
2
Suppose -2*h - 79 = 5*f, -2*h = -f + 3*h - 5. Let y = -22 - -13. Let p = y - f. What is the units digit of p?
6
What is the tens digit of 2/((-3)/((-588)/8))?
4
Let q(v) = v + 15. Let c be q(-11). Suppose -4*f - 23 = -g, 0 = -2*g + 5*f + 30 + 4. Suppose 0 = c*o - g - 13. What is the units digit of o?
5
Suppose 0 = -2*k + 3*k - 3. What is the units digit of k?
3
Suppose 0 = -5*y + 4*a - 2*a + 710, 4*a = -4*y + 568. What is the hundreds digit of y?
1
Let q(r) = -3*r**2 - 2*r + 1. Let x be q(-2). Let z(b) = b + 9. Let y be z(x). Suppose 0*s = -y*s - 5*l + 34, -3*l + 6 = 0. What is the units digit of s?
2
Suppose -11*u = -3*u - 872. What is the tens digit of u?
0
Let c(q) = q**3 - 5*q**2 + q - 6. Let s be c(5). What is the units digit of ((-6)/4 - s)*-8?
4
Let v = 3 + 0. Suppose 2*g + 99 = 3*o - v*g, -4*o = -3*g - 121. What is the tens digit of 206/14 + 8/o?
1
What is the units digit of (-10)/35 + 102/14?
7
Let g be 6*2/12*2. Suppose -3*f + 10 = g*f. What is the tens digit of 16 + -2 - f/2?
1
Suppose -3*f = f - 12. Let o(d) be the third derivative of d**4/8 - 2*d**2. What is the units digit of o(f)?
9
Suppose 5*s + 31 = 6. What is the units digit of (-3)/s + (-374)/(-